i(f) = f**3 + 12*f**2 - 13*f - 34. Calculate i(-13).
-34
Let s(o) = 2*o**3 + 21*o**2 + 9*o - 3. Give s(-10).
7
Let v(m) = 5*m**3 + 4*m**2 + 5*m. Determine v(-1).
-6
Let a(m) = -m**3 - 12*m**2 + 2*m + 4. What is a(-12)?
-20
Let v(t) = t**2 - 8*t + 6. What is v(6)?
-6
Let z(b) = b**3 + 13*b**2 - 4. Calculate z(-13).
-4
Let h(a) = -5*a + 5. Give h(-4).
25
Let o(y) = -6*y**2 + 3*y + 2. Determine o(-1).
-7
Let k(m) = 5*m - 17. Give k(6).
13
Let v(q) = -q**2 + 35*q - 24. Calculate v(34).
10
Let k(v) = -5*v - 2. Calculate k(-3).
13
Let x(n) = n**3 + 10*n**2 + 3*n + 11. What is x(-10)?
-19
Let w(u) = 2*u**2 + 3*u + 3. Give w(-2).
5
Let t(o) = o**3 - 38*o**2 + 104*o + 26. What is t(35)?
-9
Let f(p) = p**3 + 24*p**2 - 7*p - 172. Give f(-24).
-4
Let p(k) = 21*k**3 - k + 1. Give p(1).
21
Let n(o) = 6*o - 2. What is n(2)?
10
Let k(n) = -2*n - 25. What is k(-15)?
5
Let p(m) = -m**2 - 8*m - 7. Give p(-8).
-7
Let h(u) = 86*u - 1470. Determine h(17).
-8
Let w(m) = m**3 + 5*m**2 - 3*m. Give w(-6).
-18
Let l(o) = o**2 - 13*o - 154. Determine l(-7).
-14
Let k(f) = -7*f**2 - 14*f - 3. Give k(-3).
-24
Let d(t) = -16*t + 2. Determine d(2).
-30
Let l(p) = p**3 - 20*p**2 - 43*p - 41. Give l(22).
-19
Let p(v) = v**2 + 6*v + 9. Determine p(-3).
0
Let t(n) = -2*n + 17. What is t(14)?
-11
Let x(h) = h**3 + 3*h**2 + 7*h + 8. What is x(-2)?
-2
Let p(v) = -v - 10. Determine p(-9).
-1
Let u(i) = -13*i + 2. Calculate u(1).
-11
Let t(s) = s**2 + 4*s + 6. Give t(-5).
11
Let x(o) = o**2 - 6*o - 23. Determine x(9).
4
Let r(j) = j**2 + 9*j - 17. What is r(-12)?
19
Let b(l) = 36*l**3 + l**2 - 2*l - 2. What is b(-1)?
-35
Let i(o) = o - 5. What is i(-7)?
-12
Let m(b) = -3*b + 7. Calculate m(-4).
19
Let s(h) = 39*h - 69. Determine s(2).
9
Let p(x) = -8*x**2 + 9*x + 5. Calculate p(2).
-9
Let l(r) = -3*r**2 + 4*r + 4. What is l(4)?
-28
Let d(w) = -6*w + 80. Give d(7).
38
Let m(u) = u**3 - 39*u**2 - 36*u - 153. Calculate m(40).
7
Let v(m) = -2*m**2 + 20*m - 13. Give v(9).
5
Let j(t) = -28*t + 333. Give j(12).
-3
Let d(v) = -v - 11. What is d(-5)?
-6
Let u(m) = 24*m - 102. Give u(4).
-6
Let p(x) = -2*x**2 - 6*x. Determine p(0).
0
Let y(z) = -z**3 + 5*z**2 - 4*z - 4. Calculate y(3).
2
Let u(a) = 3*a**2 + 8*a - 2. Give u(3).
49
Let q(b) = -3*b**2 + 21*b - 1. Determine q(7).
-1
Let h(p) = -17*p - 74. What is h(-4)?
-6
Let w(v) = 101*v + 306. Calculate w(-3).
3
Let t(s) = -4*s + 42. Determine t(12).
-6
Let s(w) = 5*w - 37. Give s(7).
-2
Let b(n) = 2*n**2 - 4*n - 11. Determine b(0).
-11
Let y(l) = -l**3 + 15*l**2 - 12*l - 24. Determine y(14).
4
Let u(y) = y**3 - 20*y**2 - 15*y + 23. What is u(21)?
149
Let h(f) = f**3 - 1. Calculate h(1).
0
Let r(o) = -o**3 - 7*o**2 + 4*o + 54. Determine r(-6).
-6
Let q(l) = -l**2 + 13*l - 14. What is q(2)?
8
Let j(c) = -3*c**3 - 2*c**2 + 2*c. Determine j(-2).
12
Let r(h) = h. Give r(3).
3
Let m(b) = -b**3 + 5*b**2 - 4*b + 3. Give m(3).
9
Let x(l) = -l**2 - 11*l + 15. Give x(-9).
33
Let z(y) = y + 30. Give z(-21).
9
Let u(i) = -i**2 + 4*i + 11. What is u(7)?
-10
Let r(k) = -k**3 + 7*k**2 + 3*k - 8. Calculate r(7).
13
Let v(h) = 19*h + 1. What is v(-3)?
-56
Let m(c) = c**3 - 3*c**2 - 9*c + 5. Calculate m(4).
-15
Let q(o) = 24*o - 328. Give q(14).
8
Let d(h) = -10*h + 2. Calculate d(3).
-28
Let g(r) = r**3 - 7*r**2 + 11*r - 12. Determine g(5).
-7
Let v(w) = 14*w**2 - w. Determine v(1).
13
Let n(k) = -k**2 - 2*k + 6. What is n(0)?
6
Let z(o) = o**3 + 3*o**2 - 2*o - 8. Calculate z(0).
-8
Let m(q) = -q**2 + 14*q - 32. Give m(11).
1
Let k(a) = -a**3 + 14*a**2 + 32*a - 8. What is k(16)?
-8
Let g(r) = 3*r - 40. Calculate g(21).
23
Let v(a) = -4*a + 16. Determine v(7).
-12
Let s(h) = -3*h + 28. Calculate s(10).
-2
Let q(r) = 42*r - 3. Determine q(-2).
-87
Let h(j) = -j**2 + j + 16. Determine h(4).
4
Let l(f) = -f**3 + 17*f**2 - 15*f - 8. Calculate l(16).
8
Let l(v) = -2*v**2 - 45*v - 12. Calculate l(-22).
10
Let z(s) = -4*s**2 + 13*s - 1. Determine z(3).
2
Let l(x) = -x**2 + 3. Calculate l(-4).
-13
Let y(s) = -50*s**3 - s. Give y(-1).
51
Let r(o) = -o**3 + 39*o**2 - 71*o - 117. Determine r(37).
-6
Let l(j) = -2*j**2 + 22*j + 50. What is l(12)?
26
Let f(y) = y**3 + y**2 + 3*y + 4. Determine f(-2).
-6
Let l(h) = -h**2 - 9*h + 21. Calculate l(2).
-1
Let d(p) = -p**2 - 10*p + 42. Calculate d(-13).
3
Let z(s) = -3*s**2 + s - 1. Calculate z(2).
-11
Let r(o) = 6*o**3 + 2*o**2 + 2*o + 1. What is r(-1)?
-5
Let n(d) = -2*d**3 - 2*d**2 + 2*d + 4. Give n(-2).
8
Let n(d) = -4*d + 17. What is n(7)?
-11
Let d(a) = a**3 + a**2 + 5*a. Determine d(-2).
-14
Let h(p) = -p**3 - 8*p**2 - 6*p + 9. Give h(-7).
2
Let b(y) = -31*y - 32. Calculate b(-1).
-1
Let w(r) = -9*r - 49. Determine w(0).
-49
Let c(q) = q**3 - 25*q**2 + 20*q + 63. Calculate c(24).
-33
Let x(d) = 5*d**2 + 4*d + 14. Give x(-6).
170
Let d(a) = -a**2 - 4*a + 4. What is d(4)?
-28
Let u(y) = -y**2 - 3*y + 12. Give u(7).
-58
Let z(v) = -v**3 + 13*v**2 + 11*v - 23. Determine z(14).
-65
Let o(r) = r**3 + 8*r**2 + 6*r - 8. What is o(-7)?
-1
Let d(o) = 8*o - 5. Give d(1).
3
Let m(q) = 3*q - 121. Give m(38).
-7
Let h(u) = u**2 - 19*u + 50. Determine h(15).
-10
Let y(p) = -p**2 - 15*p - 15. Determine y(-12).
21
Let f(y) = -y + 16. Give f(15).
1
Let n(f) = -f**2 - 14*f - 20. Calculate n(-12).
4
Let j(t) = t**2 - 15*t + 2. What is j(0)?
2
Let s(g) = g**3 - 7*g**2 - g + 10. Determine s(7).
3
Let u(p) = 113*p - 327. Calculate u(3).
12
Let x(i) = -6*i**3 + i + 3. What is x(-3)?
162
Let c(d) = -d**3 + 2*d**2 - d + 1. Determine c(0).
1
Let v(m) = 8*m + 5. What is v(-12)?
-91
Let b(a) = a**2 + 15*a - 36. Give b(-16).
-20
Let s(i) = 2*i**2 - 2*i + 1. Determine s(1).
1
Let g(i) = -i**3 + 10*i**2 - 3*i - 1. Calculate g(9).
53
Let l(r) = -8*r - 3. Calculate l(3).
-27
Let p(f) = -f**3 + 13*f**2 - 11*f - 11. Calculate p(12).
1
Let i(a) = -2*a + 15. Determine i(10).
-5
Let i(k) = -3*k**2 + 17*k. Calculate i(5).
10
Let c(q) = -q**2 - 20*q + 54. Give c(-22).
10
Let i(z) = 31*z + 564. Calculate i(-18).
6
Let d(r) = -r**2 - 4*r + 4. Determine d(-3).
7
Let w(c) = -2*c**2 - 8*c + 5. Give w(-7).
-37
Let r(b) = b**2 + 12*b + 11. Give r(-10).
-9
Let p(n) = -4*n**3 - n**2. What is p(1)?
-5
Let h(q) = -2*q**3 - 11*q**2 - 9*q - 14. Give h(-7).
196
Let w(t) = -t**3 - 15*t**2 - t - 13. Calculate w(-15).
2
Let f(m) = 2*m**2 - 43*m + 14. What is f(22)?
36
Let f(s) = s**3 + 8*s**2 - 8*s - 3. What is f(-9)?
-12
Let d(a) = -4*a**3 - a. Give d(-1).
5
Let t(k) = -k**2 - 9*k + 1. Give t(-4).
21
Let h(d) = -3*d - 52. What is h(-15)?
-7
Let b(l) = -11*l + 15. What is b(6)?
-51
Let u(x) = -x + 9. Give u(6).
3
Let y(q) = -q. Determine y(5).
-5
Let y(j) = 21*j + 177. Give y(-8).
9
Let h(i) = -i**2 - 32*i - 59. Give h(-30).
1
Let w(b) = 4*b - 2. Give w(2).
6
Let r(o) = -4*o**2 - 25*o - 2. What is r(-7)?
-23
Let f(i) = -33*i**2 + 3*i + 4. Calculate f(-1).
-32
Let l(p) = -46*p + 251. Determine l(6).
-25
Let q(w) = -4*w**2 + 8*w - 2. Give q(2).
-2
Let h(z) = z**3 + 7*z**2 - 28*z - 14. Calculate h(-10).
-34
Let z(t) = 3*t - 22. Determine z(8).
2
Let b(k) = k + 22. Determine b(17).
39
Let i(k) = -2*k + 4. Give i(5).
-6
Let q(d) = -d**3 + 17*d**2 + d - 16. Give q(17).
1
Let p(v) = -32*v - 3. Determine p(1).
-35
Let z(v) = v**3 + 14*v**2 - 50*v + 26. What is z(-17)?
9
Let t(h) = -h**3 + 12*h**2 + 5*h - 76. Calculate t(12).
-16
Let q(c) = -c**3 - 2*c**2 + c + 5. Give q(-3).
11
Let h(z) = -z**3 - 2*z**2 - z. What is h(-4)?
36
Let i(x) = -2*x**2 - 23*x - 39. Determine i(-8).
17
Let v(a) = -5*a**2 + 6*a - 5. Determine v(1).
-4
Let p(o) = 11*o**3 + o**2 - o - 1. What is p(1)?
10
Let m(d) = -22*d**2 + 2*d - 2. Give m(1).
-22
Let g(u) = -2*u**3 - u**2 - 3*u + 19. Give g(0).
19
Let w(x) = -x - 1. What is w(-6)?
5
Let l(b) = -11*b - 28. Calculate l(-13).
115
Let t(g) = 2*g + 18. Calculate t(-15).
-12
Let j(b) = -b**3 - 20*b**2 + 46*b + 26. Determine j(-22).
-18
Let o(z) = -z**2 + 17*z + 39. What is o(19)?
1
Let h(x) = -x**3 - 12*x**2 - x - 6. Determine h(-12).
6
Let y(r) = 3*r + 1. Give y(3).
10
Let g(b) = -b**3 - 5*b**2 + 4*b + 9. Give g(-6).
21
Let l(u) = u**3 - 6*u**2 - 6. Calculate l(5).
-31
Let j(b) = -b**3 - 8*b**2 + 9*b + 5. Determine j(-9).
5
Let p(w) = 4*w**3 - 4*w + 3. Determine p(1).
3
Let z(t) = t**3 + 32*t**2 - 33*t - 9. Give z(-33).
-9
Let s(a) = -a**3 + 5*a**2 - 5*a - 4. What